rs of 248?
2, 31
What are the prime factors of 9028?
2, 37, 61
What are the prime factors of 5603?
13, 431
List the prime factors of 420.
2, 3, 5, 7
What are the prime factors of 16950?
2, 3, 5, 113
List the prime factors of 116405.
5, 31, 751
What are the prime factors of 20055?
3, 5, 7, 191
What are the prime factors of 30284?
2, 67, 113
List the prime factors of 72977.
72977
What are the prime factors of 2497?
11, 227
What are the prime factors of 2007?
3, 223
What are the prime factors of 887?
887
List the prime factors of 16287.
3, 61, 89
What are the prime factors of 1357?
23, 59
What are the prime factors of 5212?
2, 1303
What are the prime factors of 2657?
2657
What are the prime factors of 2279?
43, 53
What are the prime factors of 1114?
2, 557
What are the prime factors of 2762?
2, 1381
List the prime factors of 1174.
2, 587
What are the prime factors of 24386?
2, 89, 137
What are the prime factors of 70456?
2, 8807
List the prime factors of 13611.
3, 13, 349
List the prime factors of 6421.
6421
What are the prime factors of 1855?
5, 7, 53
What are the prime factors of 30245?
5, 23, 263
What are the prime factors of 1333?
31, 43
What are the prime factors of 1244?
2, 311
List the prime factors of 1047.
3, 349
What are the prime factors of 156250?
2, 5
What are the prime factors of 1837?
11, 167
List the prime factors of 1353.
3, 11, 41
List the prime factors of 24105.
3, 5, 1607
List the prime factors of 1045.
5, 11, 19
What are the prime factors of 48860?
2, 5, 7, 349
List the prime factors of 69.
3, 23
List the prime factors of 17551.
17551
What are the prime factors of 1477?
7, 211
List the prime factors of 107771.
47, 2293
List the prime factors of 5811.
3, 13, 149
List the prime factors of 75948.
2, 3, 6329
List the prime factors of 37509.
3, 12503
What are the prime factors of 3353?
7, 479
List the prime factors of 2019.
3, 673
What are the prime factors of 115650?
2, 3, 5, 257
List the prime factors of 16252.
2, 17, 239
What are the prime factors of 7631?
13, 587
What are the prime factors of 3257?
3257
List the prime factors of 16906.
2, 79, 107
What are the prime factors of 1589?
7, 227
What are the prime factors of 6626?
2, 3313
What are the prime factors of 6820?
2, 5, 11, 31
What are the prime factors of 4779?
3, 59
What are the prime factors of 7757?
7757
What are the prime factors of 2704?
2, 13
List the prime factors of 122911.
19, 6469
What are the prime factors of 16830?
2, 3, 5, 11, 17
List the prime factors of 30964.
2, 7741
What are the prime factors of 1226?
2, 613
List the prime factors of 694.
2, 347
List the prime factors of 112821.
3, 37607
List the prime factors of 3004.
2, 751
List the prime factors of 6961.
6961
List the prime factors of 782.
2, 17, 23
What are the prime factors of 4190?
2, 5, 419
List the prime factors of 3574.
2, 1787
List the prime factors of 2129.
2129
What are the prime factors of 11258?
2, 13, 433
List the prime factors of 2183.
37, 59
List the prime factors of 2015.
5, 13, 31
What are the prime factors of 191659?
13, 23, 641
List the prime factors of 1035.
3, 5, 23
List the prime factors of 6130.
2, 5, 613
List the prime factors of 125.
5
List the prime factors of 80.
2, 5
What are the prime factors of 666?
2, 3, 37
What are the prime factors of 54?
2, 3
What are the prime factors of 40359?
3, 11, 1223
What are the prime factors of 4145?
5, 829
What are the prime factors of 14741?
14741
List the prime factors of 9219.
3, 7, 439
List the prime factors of 2079.
3, 7, 11
List the prime factors of 3629.
19, 191
List the prime factors of 71370.
2, 3, 5, 13, 61
What are the prime factors of 17440?
2, 5, 109
List the prime factors of 39905.
5, 23, 347
List the prime factors of 13196.
2, 3299
List the prime factors of 61507.
61507
List the prime factors of 2154.
2, 3, 359
What are the prime factors of 80257?
17, 4721
List the prime factors of 8831.
8831
What are the prime factors of 124147?
124147
List the prime factors of 2536.
2, 317
List the prime factors of 16530.
2, 3, 5, 19, 29
What are the prime factors of 2361?
3, 787
What are the prime factors of 1359?
3, 151
What are the prime factors of 239?
239
List the prime factors of 107110.
2, 5, 10711
What are the prime factors of 9922?
2, 11, 41
List the prime factors of 7960.
2, 5, 199
What are the prime factors of 28312?
2, 3539
What are the prime factors of 1478?
2, 739
What are the prime factors of 8919?
3, 991
List the prime factors of 2539.
2539
List the prime factors of 33783.
3, 11261
List the prime factors of 2261.
7, 17, 19
What are the prime factors of 1488?
2, 3, 31
What are the prime factors of 5421?
3, 13, 139
List the prime factors of 611.
13, 47
What are the prime factors of 144?
2, 3
List the prime factors of 15355.
5, 37, 83
List the prime factors of 2250.
2, 3, 5
List the prime factors of 7771.
19, 409
What are the prime factors of 36738?
2, 3, 13, 157
List the prime factors of 78342.
2, 3, 11, 1187
List the prime factors of 34377.
3, 7, 1637
What are the prime factors of 1671?
3, 557
List the prime factors of 7376.
2, 461
List the prime factors of 1231.
1231
List the prime factors of 5358.
2, 3, 19, 47
List the prime factors of 177.
3, 59
List the prime factors of 12639.
3, 11, 383
What are the prime factors of 4481?
4481
What are the prime factors of 979?
11, 89
What are the prime factors of 334?
2, 167
List the prime factors of 3835.
5, 13, 59
List the prime factors of 60735.
3, 5, 4049
List the prime factors of 1558.
2, 19, 41
What are the prime factors of 14662?
2, 7331
What are the prime factors of 50733?
3, 1879
What are the prime factors of 251?
251
List the prime factors of 12106.
2, 6053
List the prime factors of 812.
2, 7, 29
What are the prime factors of 45191?
45191
What are the prime factors of 60967?
41, 1487
What are the prime factors of 9238?
2, 31, 149
What are the prime factors of 22415?
5, 4483
List the prime factors of 753.
3, 251
What are the prime factors of 9269?
13, 23, 31
List the prime factors of 12193.
89, 137
What are the prime factors of 5939?
5939
What are the prime factors of 2788?
2, 17, 41
What are the prime factors of 21198?
2, 3, 3533
What are the prime factors of 4095?
3, 5, 7, 13
What are the prime factors of 15362?
2, 7681
What are the prime factors of 174438?
2, 3, 11, 881
What are the prime factors of 8228?
2, 11, 17
List the prime factors of 32615.
5, 11, 593
What are the prime factors of 6596?
2, 17, 97
List the prime factors of 403.
13, 31
List the prime factors of 12830.
2, 5, 1283
List the prime factors of 2531.
2531
List the prime factors of 34986.
2, 3, 7, 17
What are the prime factors of 13293?
3, 7, 211
What are the prime factors of 3072?
2, 3
What are the prime factors of 34532?
2, 89, 97
What are the prime factors of 703?
19, 37
What are the prime factors of 17001?
3, 1889
What are the prime factors of 49120?
2, 5, 307
List the prime factors of 16147.
67, 241
What are the prime factors of 67160?
2, 5, 23, 73
What are the prime factors of 377?
13, 29
What are the prime factors of 2537?
43, 59
What are the prime factors of 27052?
2, 6763
List the prime factors of 1570.
2, 5, 157
What are the prime factors of 1090?
2, 5, 109
What are the prime factors of 1515?
3, 5, 101
What are the prime factors of 1963?
13, 151
What are the prime factors of 14441?
7, 2063
What are the prime factors of 3444?
2, 3, 7, 41
What are the prime factors of 14274?
2, 3, 13, 61
List the prime factors of 198.
2, 3, 11
What are the prime factors of 16123?
23, 701
List the prime factors of 2080.
2, 5, 13
List the prime factors of 3607.
3607
What are the prime factors of 77009?
53, 1453
List the prime factors of 1448.
2, 181
List the prime factors of 3540.
2, 3, 5, 59
List the prime factors of 3075.
3, 5, 41
List the prime factors of 52688.
2, 37, 89
What are the prime factors of 87198?
2, 3, 14533
What are the prime factors of 914?
2, 457
List the prime factors of 3522.
2, 3, 587
What are the prime factors of 40199?
61, 659
List the prime factors of 14096.
2, 881
List the prime factors of 4079.
4079
List the prime factors of 27354.
2, 3, 47, 97
What are the prime factors of 1927?
41, 47
What are the prime factors of 16753?
11, 1523
What are the prime factors of 1077?
3, 359
List the prime factor